{"id":29,"date":"2015-11-07T17:02:33","date_gmt":"2015-11-07T17:02:33","guid":{"rendered":"http:\/\/www.ecodigital.org.br\/novo\/?page_id=29"},"modified":"2016-01-11T18:25:44","modified_gmt":"2016-01-11T20:25:44","slug":"projeto-inclusao-social","status":"publish","type":"page","link":"https:\/\/www.ecodigital.org.br\/novo\/quem-somos\/projeto-inclusao-social\/","title":{"rendered":"Projeto Inclus\u00e3o Social"},"content":{"rendered":"<p style=\"text-align: justify;\"><img loading=\"lazy\" decoding=\"async\" class=\"size-full wp-image-209 alignright\" src=\"https:\/\/www.ecodigital.org.br\/novo\/wp-content\/uploads\/2015\/11\/jpg009.jpg\" alt=\"jpg009\" width=\"320\" height=\"220\" srcset=\"https:\/\/www.ecodigital.org.br\/novo\/wp-content\/uploads\/2015\/11\/jpg009.jpg 320w, https:\/\/www.ecodigital.org.br\/novo\/wp-content\/uploads\/2015\/11\/jpg009-300x206.jpg 300w\" sizes=\"auto, (max-width: 320px) 100vw, 320px\" \/>Projeto Inclus\u00e3o Digital e Reciclagem Ambiental de Equipamentos de Inform\u00e1tica<\/p>\n<p style=\"text-align: justify;\"><strong>Objetivo<\/strong><br \/>\nPromover a Inclus\u00e3o Digital de Jovens no Mercado de Inform\u00e1tica, conscientiza\u00e7\u00e3o da Preserva\u00e7\u00e3o do Meio Ambiente e Cidadania, atrav\u00e9s da Reciclagem de Equipamentos de Inform\u00e1tica.<\/p>\n<p style=\"text-align: justify;\">O projeto esta dividido em tr\u00eas fases, cidadania, meio ambiente e t\u00e9cnicas de inform\u00e1tica:<\/p>\n<p style=\"text-align: justify;\"><strong>Fase 1 &#8211; Cidadania<\/strong><br \/>\nNesta primeira fase o aluno obter\u00e1 conhecimentos sobre cidadania, direitos e deveres do cidad\u00e3o, \u00c9tica profissional, governabilidade, viver em comunidade, com dura\u00e7\u00e3o de 02horas\/aula.<\/p>\n<p style=\"text-align: justify;\"><strong>Fase 2 &#8211; Meio ambiente<\/strong><br \/>\nNesta fase o aluno aprendera os conceitos de Preserva\u00e7\u00e3o do Meio Ambiente, Causas e Efeitos \u00e0 Natureza, Legisla\u00e7\u00e3o e Reciclagem de Equipamentos de Inform\u00e1tica, com dura\u00e7\u00e3o de 02 horas.<\/p>\n<p style=\"text-align: justify;\"><strong>Fase 3 &#8211; Curso T\u00e9cnico em Inform\u00e1tica<\/strong><br \/>\nNesta fase o aluno ter\u00e1 aulas praticas com acompanhamento apostilado de No\u00e7\u00f5es b\u00e1sicas de Inform\u00e1tica, Montagem e Manuten\u00e7\u00e3o de Microcomputadores.<\/p>\n<p style=\"text-align: justify;\"><strong>Carga Hor\u00e1ria<\/strong><br \/>\nA dura\u00e7\u00e3o do projeto dependera do numero de inscri\u00e7\u00f5es, e os per\u00edodos ser\u00e3o determinados pela entidade detentora do Projeto.<\/p>\n<p style=\"text-align: justify;\"><strong>Inscri\u00e7\u00f5es<\/strong><br \/>\nJovens com a idade a partir de 16 anos que estejam cursando o Ensino M\u00e9dio ou Fundamental da Rede P\u00fablica de Ensino.<\/p>\n<p style=\"text-align: justify;\"><strong>Materias e Instala\u00e7\u00f5es<\/strong><br \/>\nSer\u00e3o Fornecidos pela O.N.G. Eco Digital, quando o local do Curso for na Sede da Entidade.<\/p>\n<p style=\"text-align: justify;\"><strong>Capta\u00e7\u00e3o de Recursos, Materiais e Transporte<\/strong><br \/>\nA capta\u00e7\u00e3o dos recursos e materiais ser\u00e3o atrav\u00e9s de Campanhas de Divulga\u00e7\u00e3o nas Empresas, e ou para Pessoas F\u00edsicas, atrav\u00e9s de palestras de Conscientiza\u00e7\u00e3o de Preserva\u00e7\u00e3o do Meio Ambiente, Causas e efeitos no ambiente de trabalho, palestras para a CIPA( Comiss\u00e3o Interna de Preven\u00e7\u00e3o de Acidentes) das Empresas.<\/p>\n<p style=\"text-align: justify;\">As empresas ou pessoas f\u00edsicas que possu\u00edrem equipamentos de inform\u00e1tica no Estado de Sucata e quiserem doar para o Projeto obter\u00e1 como contrapartida a emiss\u00e3o de recibos que servir\u00e3o como documentos para a obten\u00e7\u00e3o de Incentivos Fiscais e desconto no Imposto de Renda.<\/p>\n<p style=\"text-align: justify;\">Doa\u00e7\u00f5es de Valores em Moeda Corrente depositado em Conta Corrente da Entidade.<\/p>\n<p style=\"text-align: justify;\">Divulga\u00e7\u00e3o da Empresa ou pessoa f\u00edsica participante do Projeto em nosso Site www.ecodigital.org.br.<\/p>\n<p style=\"text-align: justify;\">O transporte para a retirada do Material ser\u00e1 por conta da O.N.G. Eco Digital bem como o encaminhamento dos materiais com destina\u00e7\u00e3o correta de acordo com os \u00d3rg\u00e3os de Meio Ambiente.<\/p>\n<p style=\"text-align: justify;\"><strong>Desenvolvimento<\/strong><br \/>\nO desenvolvimento do Projeto visa habilitar o Jovem em uma profiss\u00e3o T\u00e9cnica na \u00c1rea de Inform\u00e1tica, adquirindo o conhecimento T\u00e9cnico trabalhando diretamente com os equipamentos de inform\u00e1tica doados pelas entidades ou adquirido na forma de Sucata.<\/p>\n<p style=\"text-align: justify;\">O jovem aprender\u00e1 a manusear diretamente os equipamentos, separando as pe\u00e7as, desenvolvendo testes de funcionamento e ap\u00f3s a separa\u00e7\u00e3o, as pe\u00e7as que obtiverem sucesso no reparo, ser\u00e3o usados para montagem de equipamentos e as que n\u00e3o passarem nos testes ser\u00e3o separadas das demais e ter\u00e3o o destino correto para n\u00e3o poluir o Meio ambiente.<\/p>\n<p style=\"text-align: justify;\">Ao final no curso ser\u00e1 feita uma avalia\u00e7\u00e3o para cada aluno e os que se destacarem durante o projeto ter\u00e1 a possibilidade de encaminhamento para o Mercado de Trabalho.<\/p>\n<p style=\"text-align: justify;\">Os Microcomputadores e seus perif\u00e9ricos oriundos do curso poder\u00e3o ser doados para Projetos de Inclus\u00e3o Digital de outras entidades.<\/p>\n<p style=\"text-align: justify;\">Os Materiais Sucateados e sem recupera\u00e7\u00e3o ser\u00e3o encaminhados para o mercado de reciclagem, criando assim um fundo de reserva para os pr\u00f3ximos eventos.<\/p>\n<p style=\"text-align: justify;\"><strong>Custo de Implanta\u00e7\u00e3o<\/strong><br \/>\nO custo da Implanta\u00e7\u00e3o envolve valores que na \u00e9poca da implanta\u00e7\u00e3o do projeto ser\u00e1 estudado e acordado entre as partes atrav\u00e9s de cota\u00e7\u00e3o de mercado para:<\/p>\n<p style=\"text-align: justify;\">1 &#8211; Instrutores<br \/>\n2 &#8211; Kit de Ferramentas<br \/>\n3 &#8211; Kit de Prote\u00e7\u00e3o<br \/>\n4 &#8211; Apostilas<\/p>\n<p style=\"text-align: justify;\"><strong>Apostilas<\/strong><br \/>\nAs matrizes de impress\u00e3o das apostilas j\u00e1 est\u00e3o impressas, cabendo a entidade Reproduzi-la de acordo com o numero de alunos inscritos.<\/p>\n<p style=\"text-align: justify;\"><strong>Contrato<\/strong><br \/>\nSer\u00e1 elaborado um contrato de parceria com as empresas ou pessoas f\u00edsicas que patrocinarem o projeto, atrav\u00e9s do departamento jur\u00eddico da O.N.G Eco Digital.<\/p>\n<p style=\"text-align: justify;\"><strong>Este projeto foi desenvolvido por<\/strong>:<br \/>\n<strong> Anisio Rosa Junior &#8211; Consultor T\u00e9cnico em Inform\u00e1tica<\/strong><br \/>\nNascido na Cidade de S\u00e3o Paulo, com 23 Anos de profiss\u00e3o na \u00e1rea T\u00e9cnica de Inform\u00e1tica, estudando e se especializando nos diversos cursos de inform\u00e1tica ministrados pela mais conceituadas entidades como, Impacta Tecnologia, Centro de Treinamento IBM do Brasil, Telecom, Compucenter, LDPM Consultores Associados, Intel do Brasil ,Novell Brasil, APC American Power Conversion, todos documentados e certificados, atualmente \u00e9 Consultor T\u00e9cnico da Empresa SPCTi- S\u00e3o Paulo Consultoria T\u00e9cnica em Inform\u00e1tica, empresa no mercado de inform\u00e1tica desde Agosto de 1.999.<\/p>\n<p style=\"text-align: justify;\">Especialista em prover Consultoria T\u00e9cnica para os mais diversos seguimentos do Mercado, com solu\u00e7\u00f5es em Internet, Redes, Manuten\u00e7\u00e3o Preventiva, Corretiva e Equipamentos de Inform\u00e1tica. Criou e Fundou a Organiza\u00e7\u00e3o N\u00e3o Governamental &#8220;Eco Digital&#8221;, entidade que promove a inclus\u00e3o Digital de Jovens de Comunidades Carentes, atrav\u00e9s do Projeto de Inclus\u00e3o Digital e Reciclagem de Equipamentos de Inform\u00e1tica.<\/p>\n<p style=\"text-align: justify;\"><em><strong>&#8220;Cada homem na face da terra tem um tesouro que esta esperando por ele(&#8230;) Onde estiver o seu tesouro tamb\u00e9m estar\u00e1 o seu Cora\u00e7\u00e3o.&#8221; &#8211; Paulo Coelho.<\/strong><\/em><\/p>\n","protected":false},"excerpt":{"rendered":"<p>Projeto Inclus\u00e3o Digital e Reciclagem Ambiental de Equipamentos de Inform\u00e1tica Objetivo Promover a Inclus\u00e3o Digital de Jovens no Mercado de Inform\u00e1tica, conscientiza\u00e7\u00e3o da Preserva\u00e7\u00e3o do Meio Ambiente e Cidadania, atrav\u00e9s da Reciclagem de Equipamentos de Inform\u00e1tica. O projeto esta dividido em tr\u00eas fases, cidadania, meio ambiente e t\u00e9cnicas de inform\u00e1tica: Fase 1 &#8211; Cidadania Nesta&#8230;<\/p>\n","protected":false},"author":1,"featured_media":0,"parent":5,"menu_order":0,"comment_status":"closed","ping_status":"closed","template":"","meta":{"footnotes":""},"class_list":["post-29","page","type-page","status-publish","hentry"],"_links":{"self":[{"href":"https:\/\/www.ecodigital.org.br\/novo\/wp-json\/wp\/v2\/pages\/29","targetHints":{"allow":["GET"]}}],"collection":[{"href":"https:\/\/www.ecodigital.org.br\/novo\/wp-json\/wp\/v2\/pages"}],"about":[{"href":"https:\/\/www.ecodigital.org.br\/novo\/wp-json\/wp\/v2\/types\/page"}],"author":[{"embeddable":true,"href":"https:\/\/www.ecodigital.org.br\/novo\/wp-json\/wp\/v2\/users\/1"}],"replies":[{"embeddable":true,"href":"https:\/\/www.ecodigital.org.br\/novo\/wp-json\/wp\/v2\/comments?post=29"}],"version-history":[{"count":4,"href":"https:\/\/www.ecodigital.org.br\/novo\/wp-json\/wp\/v2\/pages\/29\/revisions"}],"predecessor-version":[{"id":362,"href":"https:\/\/www.ecodigital.org.br\/novo\/wp-json\/wp\/v2\/pages\/29\/revisions\/362"}],"up":[{"embeddable":true,"href":"https:\/\/www.ecodigital.org.br\/novo\/wp-json\/wp\/v2\/pages\/5"}],"wp:attachment":[{"href":"https:\/\/www.ecodigital.org.br\/novo\/wp-json\/wp\/v2\/media?parent=29"}],"curies":[{"name":"wp","href":"https:\/\/api.w.org\/{rel}","templated":true}]}}