{"id":419,"date":"2016-07-06T12:05:27","date_gmt":"2016-07-06T15:05:27","guid":{"rendered":"http:\/\/www.ecodigital.org.br\/novo\/?page_id=419"},"modified":"2017-07-06T17:44:26","modified_gmt":"2017-07-06T20:44:26","slug":"destaque","status":"publish","type":"page","link":"https:\/\/www.ecodigital.org.br\/novo\/destaque_home\/destaque\/","title":{"rendered":"DOAMOS MONITORES DE V\u00cdDEO A GUARDA C\u00cdVIL METROPOLITANA SP"},"content":{"rendered":"<p style=\"text-align: justify;\">Foi entregue com imensa satisfa\u00e7\u00e3o \u00e0 Guarda Civil Metropolitana de S\u00e3o Paulo, representado pelo seu Comandante Andr\u00e9 Ricardo Pinto da Silva (foto centro) 03 (tr\u00eas) monitores de v\u00eddeo recuperados do lixo digital atrav\u00e9s do Projeto de Inclus\u00e3o Digital. A ONG Ecodigital neste ato representado por seu diretor Anisio Rosa Junior (foto lado direito) fez a entrega ao Comandante dos Monitores de v\u00eddeo recuperado pelo T\u00e9cnico Voluntario Rafael Paulino da Silva (foto lado esquerdo).<\/p>\n<p><img loading=\"lazy\" decoding=\"async\" class=\"size-full wp-image-450 aligncenter\" src=\"https:\/\/www.ecodigital.org.br\/novo\/wp-content\/uploads\/2016\/07\/20170123.jpg\" alt=\"2017,01,23\" width=\"640\" height=\"428\" srcset=\"https:\/\/www.ecodigital.org.br\/novo\/wp-content\/uploads\/2016\/07\/20170123.jpg 640w, https:\/\/www.ecodigital.org.br\/novo\/wp-content\/uploads\/2016\/07\/20170123-300x201.jpg 300w\" sizes=\"auto, (max-width: 640px) 100vw, 640px\" \/><\/p>\n<blockquote>\n<p style=\"text-align: center;\">&#8220;\u00c9 a Ong Ecodigital contribuindo para a Seguran\u00e7a do nosso Munic\u00edpio&#8221;<\/p>\n<\/blockquote>\n","protected":false},"excerpt":{"rendered":"<p>Foi entregue com imensa satisfa\u00e7\u00e3o \u00e0 Guarda Civil Metropolitana de S\u00e3o Paulo, representado pelo seu Comandante Andr\u00e9 Ricardo Pinto da Silva (foto centro) 03 (tr\u00eas) monitores de v\u00eddeo recuperados do lixo digital atrav\u00e9s do Projeto de Inclus\u00e3o Digital. A ONG Ecodigital neste ato representado por seu diretor Anisio Rosa Junior (foto lado direito) fez a&#8230;<\/p>\n","protected":false},"author":1,"featured_media":450,"parent":501,"menu_order":0,"comment_status":"closed","ping_status":"closed","template":"","meta":{"footnotes":""},"class_list":["post-419","page","type-page","status-publish","has-post-thumbnail","hentry"],"_links":{"self":[{"href":"https:\/\/www.ecodigital.org.br\/novo\/wp-json\/wp\/v2\/pages\/419","targetHints":{"allow":["GET"]}}],"collection":[{"href":"https:\/\/www.ecodigital.org.br\/novo\/wp-json\/wp\/v2\/pages"}],"about":[{"href":"https:\/\/www.ecodigital.org.br\/novo\/wp-json\/wp\/v2\/types\/page"}],"author":[{"embeddable":true,"href":"https:\/\/www.ecodigital.org.br\/novo\/wp-json\/wp\/v2\/users\/1"}],"replies":[{"embeddable":true,"href":"https:\/\/www.ecodigital.org.br\/novo\/wp-json\/wp\/v2\/comments?post=419"}],"version-history":[{"count":9,"href":"https:\/\/www.ecodigital.org.br\/novo\/wp-json\/wp\/v2\/pages\/419\/revisions"}],"predecessor-version":[{"id":455,"href":"https:\/\/www.ecodigital.org.br\/novo\/wp-json\/wp\/v2\/pages\/419\/revisions\/455"}],"up":[{"embeddable":true,"href":"https:\/\/www.ecodigital.org.br\/novo\/wp-json\/wp\/v2\/pages\/501"}],"wp:featuredmedia":[{"embeddable":true,"href":"https:\/\/www.ecodigital.org.br\/novo\/wp-json\/wp\/v2\/media\/450"}],"wp:attachment":[{"href":"https:\/\/www.ecodigital.org.br\/novo\/wp-json\/wp\/v2\/media?parent=419"}],"curies":[{"name":"wp","href":"https:\/\/api.w.org\/{rel}","templated":true}]}}