{"id":43,"date":"2015-11-07T17:04:12","date_gmt":"2015-11-07T17:04:12","guid":{"rendered":"http:\/\/www.ecodigital.org.br\/novo\/?page_id=43"},"modified":"2016-01-11T18:23:25","modified_gmt":"2016-01-11T20:23:25","slug":"projeto-aprendiz","status":"publish","type":"page","link":"https:\/\/www.ecodigital.org.br\/novo\/projetos\/projeto-aprendiz\/","title":{"rendered":"Projeto Aprendiz"},"content":{"rendered":"<p style=\"text-align: justify;\"><img loading=\"lazy\" decoding=\"async\" class=\"size-full wp-image-229 alignright\" src=\"https:\/\/www.ecodigital.org.br\/novo\/wp-content\/uploads\/2015\/11\/jpg029.jpg\" alt=\"jpg029\" width=\"320\" height=\"220\" srcset=\"https:\/\/www.ecodigital.org.br\/novo\/wp-content\/uploads\/2015\/11\/jpg029.jpg 320w, https:\/\/www.ecodigital.org.br\/novo\/wp-content\/uploads\/2015\/11\/jpg029-300x206.jpg 300w\" sizes=\"auto, (max-width: 320px) 100vw, 320px\" \/><strong>ONG ECODIGITAL ABRE INSCRI\u00c7\u00d5ES PARA PROJETO APRENDIZ \u201cMEU PRIMEIRO EMPREGO\u201d PARA ZONA NORTE DE S\u00c3O PAULO<\/strong><\/p>\n<p style=\"text-align: justify;\"><strong>Requisitos<\/strong><br \/>\n\u00bb Ensino Fundamental completo ou em curso (noite).<br \/>\n\u00bb Faixa et\u00e1ria entre 18 e 24 anos;<br \/>\n\u00bb Disponibilidade para atuar no projeto de segunda a sexta, de 9h \u00e0s 16h;<br \/>\n\u00bb Conhecimento de Inform\u00e1tica.<br \/>\n\u00bb Ambos os sexos;<br \/>\n\u00bb Ajuda de custo de R$350,00 + Vale Transporte. + Registro em Carteira (n\u00e3o pode haver registro de trabalho anterior);<br \/>\n\u00bb Dura\u00e7\u00e3o de at\u00e9 02 anos;<br \/>\n\u00bb Certificado de Participa\u00e7\u00e3o e Conclus\u00e3o ao final do Projeto.<\/p>\n<p style=\"text-align: justify;\">\u201cO jovem aprendiz aprovado na sele\u00e7\u00e3o, ser\u00e1 inscrito no Projeto de Aprendizagem atrav\u00e9s da ONG ECODIGITAL para as \u00e1reas de \u201cReciclagem Eletr\u00f4nica e T\u00e9cnica da Inform\u00e1tica\u201d podendo ao final do Projeto ser encaminhado ao Mercado de Trabalho ou mesmo efetivado pela ONG ECODIGITAL.\u201d<\/p>\n<p style=\"text-align: justify;\">Os Interessados dever\u00e3o se cadastrar ou preencher o formul\u00e1rio diretamente em nossa sede:<\/p>\n<p style=\"text-align: justify;\">Pra\u00e7a Joaquim Jose da Nova, 49A \u2013 Vila Maria \u2013 S\u00e3o Paulo\/SP<br \/>\nFone: (11) 2631-1330<\/p>\n<p><strong>FA\u00c7A SUA INSCRI\u00c7\u00c3O<\/strong><br \/>\n<a href=\"https:\/\/www.ecodigital.org.br\/novo\/contato\/projeto-aprendiz\/\"><img loading=\"lazy\" decoding=\"async\" class=\"alignnone size-full wp-image-351\" src=\"https:\/\/www.ecodigital.org.br\/novo\/wp-content\/uploads\/2015\/11\/clique.jpg\" alt=\"clique\" width=\"93\" height=\"24\" \/><\/a><\/p>\n","protected":false},"excerpt":{"rendered":"<p>ONG ECODIGITAL ABRE INSCRI\u00c7\u00d5ES PARA PROJETO APRENDIZ \u201cMEU PRIMEIRO EMPREGO\u201d PARA ZONA NORTE DE S\u00c3O PAULO Requisitos \u00bb Ensino Fundamental completo ou em curso (noite). \u00bb Faixa et\u00e1ria entre 18 e 24 anos; \u00bb Disponibilidade para atuar no projeto de segunda a sexta, de 9h \u00e0s 16h; \u00bb Conhecimento de Inform\u00e1tica. \u00bb Ambos os sexos;&#8230;<\/p>\n","protected":false},"author":1,"featured_media":0,"parent":7,"menu_order":0,"comment_status":"closed","ping_status":"closed","template":"","meta":{"footnotes":""},"class_list":["post-43","page","type-page","status-publish","hentry"],"_links":{"self":[{"href":"https:\/\/www.ecodigital.org.br\/novo\/wp-json\/wp\/v2\/pages\/43","targetHints":{"allow":["GET"]}}],"collection":[{"href":"https:\/\/www.ecodigital.org.br\/novo\/wp-json\/wp\/v2\/pages"}],"about":[{"href":"https:\/\/www.ecodigital.org.br\/novo\/wp-json\/wp\/v2\/types\/page"}],"author":[{"embeddable":true,"href":"https:\/\/www.ecodigital.org.br\/novo\/wp-json\/wp\/v2\/users\/1"}],"replies":[{"embeddable":true,"href":"https:\/\/www.ecodigital.org.br\/novo\/wp-json\/wp\/v2\/comments?post=43"}],"version-history":[{"count":4,"href":"https:\/\/www.ecodigital.org.br\/novo\/wp-json\/wp\/v2\/pages\/43\/revisions"}],"predecessor-version":[{"id":356,"href":"https:\/\/www.ecodigital.org.br\/novo\/wp-json\/wp\/v2\/pages\/43\/revisions\/356"}],"up":[{"embeddable":true,"href":"https:\/\/www.ecodigital.org.br\/novo\/wp-json\/wp\/v2\/pages\/7"}],"wp:attachment":[{"href":"https:\/\/www.ecodigital.org.br\/novo\/wp-json\/wp\/v2\/media?parent=43"}],"curies":[{"name":"wp","href":"https:\/\/api.w.org\/{rel}","templated":true}]}}

<p style="text-align: justify;"><img loading="lazy" decoding="async" class="size-full wp-image-229 alignright" src="https://www.ecodigital.org.br/novo/wp-content/uploads/2015/11/jpg029.jpg" alt="jpg029" width="320" height="220" srcset="https://www.ecodigital.org.br/novo/wp-content/uploads/2015/11/jpg029.jpg 320w, https://www.ecodigital.org.br/novo/wp-content/uploads/2015/11/jpg029-300x206.jpg 300w" sizes="auto, (max-width: 320px) 100vw, 320px" /><strong>ONG ECODIGITAL ABRE INSCRIÇÕES PARA PROJETO APRENDIZ “MEU PRIMEIRO EMPREGO” PARA ZONA NORTE DE SÃO PAULO</strong></p>
<p style="text-align: justify;"><strong>Requisitos</strong><br />
» Ensino Fundamental completo ou em curso (noite).<br />
» Faixa etária entre 18 e 24 anos;<br />
» Disponibilidade para atuar no projeto de segunda a sexta, de 9h às 16h;<br />
» Conhecimento de Informática.<br />
» Ambos os sexos;<br />
» Ajuda de custo de R$350,00 + Vale Transporte. + Registro em Carteira (não pode haver registro de trabalho anterior);<br />
» Duração de até 02 anos;<br />
» Certificado de Participação e Conclusão ao final do Projeto.</p>
<p style="text-align: justify;">“O jovem aprendiz aprovado na seleção, será inscrito no Projeto de Aprendizagem através da ONG ECODIGITAL para as áreas de “Reciclagem Eletrônica e Técnica da Informática” podendo ao final do Projeto ser encaminhado ao Mercado de Trabalho ou mesmo efetivado pela ONG ECODIGITAL.”</p>
<p style="text-align: justify;">Os Interessados deverão se cadastrar ou preencher o formulário diretamente em nossa sede:</p>
<p style="text-align: justify;">Praça Joaquim Jose da Nova, 49A – Vila Maria – São Paulo/SP<br />
Fone: (11) 2631-1330</p>
<p><strong>FAÇA SUA INSCRIÇÃO</strong><br />
<a href="https://www.ecodigital.org.br/novo/contato/projeto-aprendiz/"><img loading="lazy" decoding="async" class="alignnone size-full wp-image-351" src="https://www.ecodigital.org.br/novo/wp-content/uploads/2015/11/clique.jpg" alt="clique" width="93" height="24" /></a></p>

<p>ONG ECODIGITAL ABRE INSCRIÇÕES PARA PROJETO APRENDIZ “MEU PRIMEIRO EMPREGO” PARA ZONA NORTE DE SÃO PAULO Requisitos » Ensino Fundamental completo ou em curso (noite). » Faixa etária entre 18 e 24 anos; » Disponibilidade para atuar no projeto de segunda a sexta, de 9h às 16h; » Conhecimento de Informática. » Ambos os sexos;&#8230;</p>
